e the prime factors of q?
2, 7, 4001
Let w(p) = 9*p - 51. Let v be w(6). What are the prime factors of -2 + v - (-337 + 15)?
17, 19
Suppose 0 = -2*v + 323 - 75. Suppose 5*z - 5*i + 1 + v = 0, 4*z = -4*i - 124. List the prime factors of (-3200)/z + 2/(-7).
2, 3, 19
Let i = -26 - -26. Suppose -2*n + 49 = 5*a - i*n, 4*a - 26 = 5*n. What are the prime factors of 1920/108 + 2/a?
2, 3
Suppose -4*p + 5*p = 0. Let n be (-8 - p)/(2 - 4). Suppose -2*b = n*b - 156. What are the prime factors of b?
2, 13
Let h be (-5)/10*-6 + 0. Suppose -3*i + 2*o + 705 = -0*o, h*i - 5*o = 714. Let j = -109 + i. What are the prime factors of j?
2, 31
Let f(j) = 41 + 19*j - 61 + 21 + 19. What are the prime factors of f(0)?
2, 5
Let s(l) = -l**3 + 17*l**2 - 25*l + 149. Let k be s(16). Suppose 8*c - 1659 = k*c. What are the prime factors of c?
7, 79
Let a(w) = -w**2 - 11*w + 30. Let q be a(2). Suppose 500 = k - 13*u + 9*u, q*u + 2024 = 4*k. List the prime factors of k.
2, 127
Let d(g) = 63*g**2 + 19*g + 51. List the prime factors of d(-15).
3, 1549
Suppose -405*b + 399*b + 12 = 0. Let t(m) = 249*m - 21. List the prime factors of t(b).
3, 53
Suppose -58*h + 62*h - 4 = 0. Let m be 0/h + -7 + 9. Let l(q) = 11*q**3 - q**2 + 8*q + 1. List the prime factors of l(m).
101
Let y(i) = 2574*i**3 + 15*i**2 - 29*i - 9. What are the prime factors of y(3)?
3, 13, 1783
Let m = -1503 - -2507. Suppose 8*r = 1332 + m. List the prime factors of r.
2, 73
Suppose 0 = -3*l - 14*l. What are the prime factors of (-966)/(-6)*1 - (l + -3)?
2, 41
Suppose -9*k + 41 = 5. Suppose -34*u - k*u + 12198 = 0. List the prime factors of u.
3, 107
Let k be (-807)/2*(31/(-3) - -9). Let u = -140 + k. List the prime factors of u.
2, 199
Let a(r) = r**3 - 7*r**2 + 3. Let n be a(7). Suppose n*s - 4770 = 5*t, -4*t = -4*s + 6130 + 222. List the prime factors of s.
5, 317
Let n(j) = 45*j**2 - 7*j - 4*j - 44*j**2 + 12. Let y be n(10). Suppose -6*w = -76 - y. List the prime factors of w.
13
Suppose y = s + 71, 2*s + 75 = -4*y + 5*y. Let n = y - -27. What are the prime factors of n?
2, 47
Suppose -4*v - v = 5*m, -2*m = -2*v - 8. Suppose -m*x + 222 = d + d, 0 = -4*d - 3*x + 447. List the prime factors of d.
2, 3, 19
Let q(h) be the second derivative of h**5/5 - h**4/3 - h**3/3 - 21*h**2/2 + h. Let n be q(7). List the prime factors of (n/(-42))/(2/(-12)).
163
Let s = -33 + 448. Suppose 3*o + 4*v + s = 4*o, 5*o = -4*v + 2147. What are the prime factors of o?
7, 61
Suppose -93*n = -61*n - 32320. What are the prime factors of n?
2, 5, 101
Let i(v) = v**3 + 41*v**2 - 168*v - 58. What are the prime factors of i(-22)?
2, 3, 23, 31
Suppose 5*m - 19 = 16. Let p(f) = 46*f + 54. What are the prime factors of p(m)?
2, 47
Let w(v) be the third derivative of -v**4/2 - 29*v**3/6 - 19*v**2. Let u(k) = -36*k - 88. Let y(c) = -3*u(c) + 10*w(c). List the prime factors of y(-12).
2, 59
Let u(v) = 3*v**2 - v + 73. Let p be u(0). Let r = 55 - p. List the prime factors of (-1 + (-6)/r)*-3.
2
Let x(i) = -9*i - 21. Let l be 7/4 + -2 - 3/(-12). Let c(b) = b**3 - b**2 + b - 17. Let g be c(l). List the prime factors of x(g).
2, 3, 11
Suppose 19 = -2*j + 23. Let x(d) = d**j - 6*d + d + 2*d + d - 16. List the prime factors of x(8).
2
Suppose -535132 - 83014 = -6*p - 48218. What are the prime factors of p?
2, 23747
Suppose m - 374 = -y, -157 = -2*m - y + 594. Let k = m + -238. List the prime factors of k.
139
Let h(f) = 1014*f + 34. Let p be h(4). Suppose -5*y - 7*m + 2*m + 4095 = 0, p = 5*y + 4*m. What are the prime factors of y?
2, 11, 37
Suppose 3*n - 4*r - 10 = 0, -r = -n - 5*r - 2. Let w be -1 + 1/n + 507/6. What are the prime factors of ((-1)/(-4))/((-3)/(-6))*w?
2, 3, 7
Suppose -4616 = -503*m + 501*m. Let a = m - 1103. List the prime factors of a.
5, 241
Let u = -192 + 197. Suppose -549 = -u*p + 1011. List the prime factors of p.
2, 3, 13
Suppose -2*w = -8274 + 1914. List the prime factors of w.
2, 3, 5, 53
Suppose -753960 = 117*h - 237*h. What are the prime factors of h?
61, 103
Let c(x) = -3*x**3 + 3*x**2 + 3*x**3 + 9 + 65*x - x**3 - 51*x. What are the prime factors of c(-6)?
3, 83
List the prime factors of (-123608079)/(-3402) - 2/(-36).
2, 37, 491
Let u(a) = -727*a - 241. What are the prime factors of u(-14)?
19, 523
Suppose -12*q + 13*q - 495374 = -45*q. What are the prime factors of q?
11, 89
What are the prime factors of ((-1755)/26)/(603/204 + -3)?
2, 3, 5, 17
Let l(r) = 625*r**2 + 75*r - 565. What are the prime factors of l(6)?
5, 11, 37
Let s = -503 - -506. Suppose -3*k - 2*l + 128 = -515, 2*k - 433 = s*l. List the prime factors of k.
5, 43
Let d(m) = -15*m - 12. Let c be d(-1). Suppose 0*b - c*b = -5*w - 1983, -4*b + 2644 = 5*w. What are the prime factors of b?
661
Let b = 141969 + -83516. What are the prime factors of b?
58453
Let u = 67246 - 25760. List the prime factors of u.
2, 20743
Let r be (11 + -5)*8/6. Suppose -r*p - 28 + 588 = 0. What are the prime factors of p?
2, 5, 7
Let b(v) = 55*v - 31. Let i = -57 - -63. Let f be b(i). Suppose 114 = 2*s + 2*l, 6*s - f = s + 2*l. What are the prime factors of s?
59
Let y be (2 - 0)/4*6. Suppose -3*d - 7 = 5*z, 4*z + 0 = -y*d - 5. List the prime factors of (-14)/63 - d/(-9)*569.
3, 7
List the prime factors of -2*(-2 + 12486)*29/(-116).
2, 3121
Suppose 2*m - 502 + 4 = 0. Suppose 4*d = -5*u + 1916, -2137 + m = -4*d + 2*u. What are the prime factors of d?
2, 3, 79
Let a = 7484 - 4350. What are the prime factors of a?
2, 1567
List the prime factors of (41/(-7) - -6) + 181320/7.
25903
Let b be 1*(-4 + 3) + 7*26. Let o = 94 - b. What are the prime factors of 0 - (-1*(-1 + 0) + o)?
2, 43
Suppose -45*i + 30*i = -3585. Let q = i - 45. What are the prime factors of q?
2, 97
What are the prime factors of 792 - (43 - 36 - (13 + -2))?
2, 199
Let c be (-8)/44 + (-4)/(-22). Suppose c = -16*a + 4*a + 24. Suppose a*m = -2*m + 464. List the prime factors of m.
2, 29
Let b(i) = 78*i - 128. Suppose 132 = -7*q + 251. What are the prime factors of b(q)?
2, 599
Let t = -39 + 42. Let s be 2*t*(4 + (-42)/(-12)). Let i = 34 + s. List the prime factors of i.
79
Let v be 5 + 67/(-13) - (-4)/26. Suppose v = -x - 3*x + 660. List the prime factors of x.
3, 5, 11
List the prime factors of (3 - (45449*-1 + 1)) + (-616)/(-77).
3, 5051
List the prime factors of 5/(-25) - (200583/(-15) + -8).
2, 3, 5, 223
Let y(r) = 538*r**2 - 38*r - 102. List the prime factors of y(-3).
2, 3, 809
Let l(j) = j**2 - 4*j - 1. Let v be l(-4). Let n = -44 + v. Let f(h) = -3*h - 5. What are the prime factors of f(n)?
2, 17
Suppose 10*t - 67179 + 13599 = 0. What are the prime factors of t?
2, 3, 19, 47
Let w(b) = b**2 - 18*b + 13. Suppose 0 = -a + 3, 2*s + 5*a - 49 = -0*a. Let p be w(s). List the prime factors of (p/4)/((-1)/29).
29
List the prime factors of (0 + -2)*((-119)/6)/((-25)/(-17925)).
7, 17, 239
Let w = 2892 + -1662. What are the prime factors of w?
2, 3, 5, 41
Suppose 23*u - 24*u = -13. Let z = 15 - u. List the prime factors of z + 1*-1 + 450/9.
3, 17
Let g(v) = -32*v - 16. Let a be (3 - (-42)/(-24))*-4. Let j be g(a). List the prime factors of (-56)/14 + j/3.
2, 11
Let s = 84629 + -47487. List the prime factors of s.
2, 7, 379
Suppose o = -2 + 7. List the prime factors of (-8 - -4 - 2) + (1032 - o).
1021
Let n(g) = -g**3 + 53*g**2 - 120*g - 273. List the prime factors of n(47).
3, 2447
Let b be (-7)/14 - 2/8*-562. Let p(a) = -12*a**3 + a**2 + 6*a + 7. Let f be p(-2). Let k = b - f. List the prime factors of k.
3, 5
Suppose -y + 5*m + 263 + 6114 = 0, 6*y + 3*m = 38361. What are the prime factors of y?
2, 17, 47
Suppose 0 = 45*y - 8*y - 1961. Suppose -y*v = -52*v - 1010. List the prime factors of v.
2, 5, 101
Suppose 5*z + 12 = 7*z + 2*k, k = -4*z + 15. Let c(u) = 5*u**3 - 43*u**2 - 6*u**z + 36*u**2 + 2 + 17*u**2 - 4*u. List the prime factors of c(9).
47
Let c = 907 + -737. Let k = -44 + 10. Let d = c - k. List the prime factors of d.
2, 3, 17
Suppose -1088 = o - 3*p, -6*p = o - 2*p + 1088. Let v = -707 - o. What are the prime factors of v?
3, 127
Suppose -2*n + 61750 = 2*t, 24*t - 20*t = n - 30860. List the prime factors of n.
2, 17, 227
Suppose 0 = -5*y + 107 + 43. Suppose -7*a + y = -a. What are the prime factors of -30*(a/(-25) + -3)?
2, 3
What are the prime factors of ((-56427)/(-105))/((-1)/(-5)) - 7?
2, 5, 67
Let c = -111 + 2